hat is the tens digit of k(-6)?
5
Let w be ((-3)/6)/((-4)/4000). Suppose -q + 4*l = 9*l - w, -q + 484 = l. What is the units digit of q?
0
Let t be (2 - -4*37)*162/12. Suppose -5*m + t = 5*d, -2*d + 5*d = -3. Suppose 0 = -2*z + 4, -2*y - 5*z + m = 170. What is the tens digit of y?
1
Let x = 417 + -414. Suppose x*t = 3*l + 239 + 346, 5*l = -3*t + 545. What is the hundreds digit of t?
1
Let a(s) = -2*s - 3. Let b be a(-4). Suppose -b*r - 1033 = -3*k, r + 1665 = 5*k + 4*r. What is the hundreds digit of k?
3
Let c be 21/(-7) - (14 + -2)*3. Let o be (-2061)/39 - (-6)/c. Let l = o - -88. What is the units digit of l?
5
Let g(o) = -o**2 + 22*o - 47. Let i be g(20). Let b(k) = 3*k + 23. Let m be b(i). Suppose -27 - 21 = -m*s. What is the tens digit of s?
2
Suppose 0 = v + 2*v + 4*m - 1949, 5*v = -4*m + 3251. Let k = v + -431. What is the tens digit of k?
2
Let g(u) = -80*u - 3*u - 110 + 56*u. What is the tens digit of g(-21)?
5
Suppose -53*g + 50*g = -2967. Let q = g - 123. What is the tens digit of q?
6
What is the units digit of -2 + (-26 - -32) + 1630 + 1?
5
Let g be (8/18 - 124/36)/(-1). Suppose -g*a = -5*v + 3748, -8*v + 1495 = -6*v + 3*a. What is the tens digit of v?
4
Suppose 0 = 5*i - 2*y - 84 + 1969, 0 = i + 2*y + 365. Let o = i + 260. Let z = -40 - o. What is the units digit of z?
5
Suppose -5*c - 75865 = -5*o + 202455, -4*o = -2*c - 222656. What is the thousands digit of o?
5
Suppose -412*l + 8650966 = -2808773 - 7320869. What is the units digit of l?
4
Let k(n) = 134*n - 1369. What is the hundreds digit of k(44)?
5
Suppose -m + 20 = -4*q, -5 = -28*m + 27*m - q. What is the units digit of 19754/56 + (10/m)/5?
3
Suppose -7*w + 11318 + 5167 = 0. What is the hundreds digit of w?
3
Let a be -1383*(10/(-3) - -3). Suppose -2*d = f - 3*d - a, -5*f + 4*d + 2307 = 0. What is the hundreds digit of f?
4
Suppose 3*h + 2072 = g, 27*g + 2*h = 32*g - 10295. Let u = -1172 + g. What is the hundreds digit of u?
8
Let b = -1453 + 4452. What is the tens digit of b?
9
What is the units digit of ((-300)/42)/(41/(-31570))?
0
Suppose -8*m = -150*m + 15*m + 359029. What is the hundreds digit of m?
8
Let v(t) = 4734*t - 49. What is the units digit of v(2)?
9
Let m(k) = 524*k**2 - k - 1. Let w be m(1). Let a = -493 + w. What is the units digit of a?
9
Suppose -1700 = 8*b - 9332. Suppose 0 = 3*k + f - 1289 - b, 5*k - f = 3741. Suppose -4*s = 276 - k. What is the hundreds digit of s?
1
Suppose 32*o = 14*o + 90. Suppose o*n - 265 = 75. What is the tens digit of n?
6
Suppose 4*b = 16*g - 18*g + 3186, 3*b + 4734 = 3*g. What is the thousands digit of g?
1
Let s be 1797 + (-7)/7 - 4/2. Suppose -35*d + 29*d + s = 0. What is the tens digit of d?
9
Let g be (-9)/(-6)*(55 + -1). Suppose -6*x + x + g = 4*i, -3*x = -4*i + 105. What is the units digit of i?
4
Let p = 588 + -585. Suppose 2741 = p*g - 4*y, -1749 = -4*g + 5*y + 1904. What is the units digit of g?
7
What is the thousands digit of (51236/(-6))/(8/(-12))?
2
Let q = 7886 - -13422. What is the tens digit of q?
0
Let b(k) = -20*k - 6. Let z(d) = 6*d - 22. Let v be z(3). Let g be b(v). Suppose c + 64 = g. What is the units digit of c?
0
What is the hundreds digit of (6/18)/(153504/10233 - 15)?
3
What is the hundreds digit of (16/(-6))/((-10)/(-115) - (-11856)/(-134757))?
6
Let h = -9158 - -17526. What is the units digit of h?
8
Let g(a) = -2*a - 37. Let t be g(-21). Suppose -17 = t*v - 12. Let u(d) = 17*d**2 - 2*d - 2. What is the tens digit of u(v)?
1
Let w(c) = 13*c**2 - 1. Let l be w(1). Let i = 5447 - 5401. Suppose -682 = -l*r - i. What is the units digit of r?
3
What is the hundreds digit of (0 - -9510)/(((-5160)/(-473))/60)?
3
What is the units digit of (4 + -2)/(-2 + 55208/27600)?
0
Let t = -469 + 283. Let g = 106 + t. Let u = g - -132. What is the tens digit of u?
5
Suppose -280428 + 15240 = -42*p. What is the units digit of p?
4
Let t be (-1184)/(-14) + (8/(-14) - 0). What is the units digit of (-15212)/(-18) + (t/(-7))/108?
5
Suppose -3*j + 66775 = -k, 5*j + 2*k - 26325 - 84985 = 0. What is the units digit of j?
0
Suppose 0 = 3*m + 5*a - 6684, 2*m - 5640 + 1200 = 2*a. What is the thousands digit of m?
2
Let v(l) = 55*l + 120. Let n be v(27). What is the units digit of -15 + 9 + 3 + n + 2?
4
Let q = 1107 + 5304. What is the tens digit of q?
1
Let f(q) = 1145*q - 596. What is the thousands digit of f(6)?
6
Let p = -15779 + 41264. What is the tens digit of p?
8
Suppose 50*s - 34531 - 65157 = -18*s. What is the units digit of s?
6
What is the tens digit of (-6948)/9*(15/3)/(-5)?
7
Suppose 39*f - 3138 = 7821. Let u = 911 - f. What is the hundreds digit of u?
6
Suppose -187818 = -214*k + 168*k. What is the thousands digit of k?
4
Let d(g) = 5 - 2*g + 0*g**2 + 0*g**2 - g**2 + g**3. Let p be d(4). Suppose 0 = -49*f + p*f + 188. What is the units digit of f?
7
Suppose -8844 = 18*b + 15*b. Let v(x) = -x**3 + 8*x**2 + 3*x - 9. Let o be v(10). Let a = o - b. What is the units digit of a?
9
What is the tens digit of ((-976)/2)/(-15*(-12)/(-2250))?
0
Let c(i) = 175*i**2 + 82*i + 511. What is the thousands digit of c(-6)?
6
Suppose -88*r - 395466 = -94*r. What is the hundreds digit of r?
9
Let f be 35/(-7) - -11170 - (-2 - 2). Suppose -17*h = -f - 3995. What is the hundreds digit of h?
8
Suppose -20222 - 44902 = -12*s. Suppose 2*z = 11*z - s. What is the units digit of z?
3
Suppose 10*k - 1275 = 1095. Let l(s) = s**2 - 5*s - 3. Let q be l(-6). Let j = q + k. What is the units digit of j?
0
What is the ten thousands digit of 8/((-7)/(-21)*0 + 2) - -22924?
2
Suppose 11 = 4*h - 1. Let b(u) = u**2 - u - 16. Let c be b(-4). Suppose -x + 4*w = 2, -h*x - c*w + 3*w = -20. What is the units digit of x?
6
Let y(u) = 2*u**2 - 2*u - 11. Let n(f) = 4*f + 80. Let l be n(-18). What is the units digit of y(l)?
1
Let u(r) = 610*r + 821. What is the hundreds digit of u(13)?
7
Let m(l) = 3*l**2 - 74*l + 702. What is the thousands digit of m(59)?
6
Suppose -5*o + 39465 = 2*b, b + 7900 = -27*o + 28*o. What is the units digit of o?
5
Suppose -3 + 5 = -2*j - 4*u, 4*j + 1 = -5*u. What is the units digit of (247 - 2) + (-4 - -2) + j?
4
Suppose 71*m = 74*m + 1161. Let d = -33 - m. What is the tens digit of d?
5
Suppose 2*q - 8606 = 2*p, -5*q + 12927 = -2*q + 3*p. What is the units digit of q?
6
Let s(t) = t + 15. Let p be s(-15). Suppose p = 3*m - 20 + 455. Let n = m + 279. What is the hundreds digit of n?
1
Suppose 9*d - 13*d - 92 = 0. Let s = -25 - d. Let l(w) = -34*w - 4. What is the tens digit of l(s)?
6
Suppose 0 = 4*p - 0*p - 12, 5*u - 4*p = 1658. Let h = u - 195. Suppose -2*b + 7 = -h. What is the tens digit of b?
7
Let u(m) = 4*m**2 - 15*m + 9. Let f(x) = -17*x**2 + 59*x - 36. Let b(h) = -2*f(h) - 9*u(h). Let p be b(11). Let r = 46 - p. What is the units digit of r?
0
Suppose 89*r - 3247339 + 2736121 = 3695634. What is the hundreds digit of r?
2
Suppose 16*m - 1 = -1. Suppose 8*g - 2778 + 250 = m. What is the hundreds digit of g?
3
Suppose 3*y - 7 - 8 = 0. Suppose -o + y + 0 = 0. What is the units digit of 6/(-8) + (726/8 - o)?
5
Suppose 3*f = 447 + 189. What is the tens digit of 5*(-4)/(-10)*f?
2
Let q be 0/(0 + -1) - (-8 + 5). Let o be (q + -3 + -4)*1. Let l(y) = -20*y - 17. What is the units digit of l(o)?
3
Suppose 2*w - 43 = -37. Suppose -w*m = m + 5*m. Suppose m = j - 12*j + 528. What is the tens digit of j?
4
Let s be ((-21)/9)/((-3)/459). Let r = s + -155. What is the hundreds digit of r?
2
Let z(j) = 0*j**2 + 7*j**2 + 23959*j - 6*j**2 - 3 - 23971*j. Let y = -7 - 2. What is the units digit of z(y)?
6
What is the tens digit of (48542/(-5) + 0)*980/(-392)?
7
Suppose -26*v = -807309 - 319908 - 435695. What is the units digit of v?
2
Suppose -6*l - 32 = -14*l. Suppose -4*h = -3*o + l*o - 799, 2*o = 5*h - 1015. Let v = h + -134. What is the tens digit of v?
6
Suppose -11*a + 9500 = -6*a. Suppose 5*k - a = -5*t, 0 = -3*t - 5*k + 133 + 1015. What is the units digit of t?
6
Let i = 86809 + -52275. What is the units digit of i?
4
Let u be 1*((-3)/(-3) - 1). Suppose -r + 5*z - 6*z = -1, -r - 3 = 3*z. Suppose u = -t - r*t + 292. What is the tens digit of t?
7
Suppose -728*m + 890*m - 4518180 = 0. What is the ten thousands digit of m?
2
Suppose 4*a - n + 50 = -10, -60 = 4*a - 5*n. What is the tens digit of (-9860)/(-12) + -6 - a/(-9)?
1
Suppose 